4)) is divided by a?
9
Let j = 66 - 61. Suppose -j*g + 5 = -40. Let o(r) = -r**3 - r**2 + r + 2. Calculate the remainder when g is divided by o(-2).
1
Suppose y - 5 = 0, 0 = 4*w + y + 3*y - 84. Suppose 7*q - w = 5. Calculate the remainder when 7 is divided by q.
1
Suppose -m = 6*w - 2*w - 125, 3*m - 339 = -3*w. What is the remainder when m is divided by 24?
13
Let n(b) = -31*b - 177. Calculate the remainder when 317 is divided by n(-7).
37
Suppose 0 = 5*c - 5, -3*i + 2*c - 3 = -2*i. Calculate the remainder when ((287 - -7)/7)/(-3 + 4) is divided by i/(1*(-2)/30).
12
Let c(b) = 43*b - 145. What is the remainder when c(4) is divided by 2*6 - (-1 - 1)?
13
Let c(d) be the third derivative of -d**5/10 - d**3/6 + 6*d**2. Let y be c(1). Calculate the remainder when (-310)/y - 10/35 is divided by 12.
8
Let v = 145 + -98. Let u be ((-162)/24)/((-1)/(-4)). Let x = 39 + u. Calculate the remainder when v is divided by x.
11
Let l = 228 + -97. Let d = l - 91. What is the remainder when 119 is divided by d?
39
Let p(v) = 36*v + 96. What is the remainder when 261 is divided by p(-2)?
21
Let q(n) = n**3 + 15*n**2 - 16*n - 2. Let h be q(-16). What is the remainder when 31 is divided by (-468)/(-30) + h/(-5)?
15
Let b = -653 + 708. What is the remainder when 2803 is divided by b?
53
Let x = 15 - 12. Suppose -5*u + 14 = -3*q, x*u - 12 = -q + 2. Let l = -15 + 25. What is the remainder when l is divided by u?
2
Suppose 0 = -36*v - 6*v + 630. Suppose 5*j + 20 = 0, -2*m + m - j = -1. What is the remainder when v is divided by m?
0
Calculate the remainder when 3612/49 - (-6)/21 is divided by 26.
22
Let s = 92 + -56. Calculate the remainder when (-3)/48*4 - 1130/(-8) is divided by s.
33
Let u = 46 - 46. Suppose u = 2*g - 24 - 2. Let k = -38 - -75. What is the remainder when k is divided by g?
11
Let u(t) = -17*t**3 + t**2 + 2*t - 2. Let i be u(2). Let m be (24/10)/((-14)/525). Let g = m - i. Calculate the remainder when g is divided by 21.
19
Let z = -51 + 65. Suppose -8 = -a - 0*a. Let m(j) = 8*j - 10. Calculate the remainder when m(a) is divided by z.
12
Suppose 3117 = 5*r - i, 2*r - 3*i - 1239 = -0*i. Suppose r = 13*f - 7*f. Calculate the remainder when f is divided by 21.
20
Let z(v) = 40*v + 1369. Let u(n) = n**2 + 5*n - 8. Let g = 8 - 16. What is the remainder when u(g) is divided by z(-34)?
7
Let a(w) = w**3 - 14*w**2 + w - 12. Let u be a(14). Suppose -y + 307 = 4*s, 219 = 5*s - u*s + 3*y. Calculate the remainder when s is divided by 41.
37
Let z(p) = -p**3 - 44*p**2 - 2*p - 79. Calculate the remainder when 94 is divided by z(-44).
4
Suppose 4*y - 79 = -2*p + 43, 0 = -5*y - p + 160. Suppose 4*x - 6*x + 12 = 0. Calculate the remainder when y is divided by x.
3
Let z(f) = 49*f**2 - 4*f + 1. Let o(w) = 99*w**2 - 8*w + 2. Let t(i) = -3*o(i) + 7*z(i). What is the remainder when 125 is divided by t(1)?
39
Let y(l) = 2*l**2 + 14*l - 13. Calculate the remainder when y(8) is divided by 77.
73
Let h = 43 - 23. Let l = h - -7. Suppose -4*i = 1 - 65. What is the remainder when l is divided by i?
11
Let d(x) be the third derivative of x**5/60 + x**3/3 + 40*x**2. Calculate the remainder when d(5) is divided by (0 - (0 + -1))*7.
6
Suppose -146*b + 144*b = 414. Let v(q) = -q**3 - 2*q**2 - 9*q - 4. Let m be v(-7). Let s = m + b. Calculate the remainder when s is divided by 25.
22
Let h = -47 - -37. Let v(c) = -c**2 - 11*c + 5. Let b be v(-10). What is the remainder when 41 is divided by h/b + (-44)/(-3)?
13
Suppose 4*i + 17 = -3*k + 4*k, -5*k - 2*i + 151 = 0. Let t = 1 + 3. Let u = k - t. Calculate the remainder when 99 is divided by u.
24
Let w = -140 - -143. Suppose d = -5*o + 50, -16 + 56 = 5*o - d. Calculate the remainder when o is divided by w.
0
Let x = -287 - 277. What is the remainder when 54 is divided by x/(-36) + -1*(-1)/3?
6
Calculate the remainder when 81 is divided by ((-58)/(-4))/((-23)/(-46)).
23
Let n be 136/40 + (-2)/5. Suppose 0*v - n*v = -12. Suppose p + p + 5 = h, 4*h + 2*p - 10 = 0. What is the remainder when v is divided by h?
1
Suppose 4*s - 11 = -3. Suppose 0 = u + 2*j - 6 - 8, -s*j - 86 = -4*u. Calculate the remainder when ((-3672)/2448)/(-1 - (-155)/158) is divided by u.
19
Let b = 1995 + -1639. Calculate the remainder when b is divided by 96.
68
Let b be 1*-3*(-2 - (1 + -2)). Suppose -u + 0*u = b*z - 137, -4*z + 179 = 5*u. What is the remainder when z is divided by 20?
6
Let y = 0 + 18. Suppose 2*i - 24 - y = 0. What is the remainder when i is divided by (27/(-15))/(3/(-20))?
9
Let h = 38 - -27. Let g = h + -52. What is the remainder when 45 is divided by g?
6
Suppose 0 = -4*q - 500 + 1512. Let v be q/22 + 3/(-2). Suppose 2*z - k = v + 19, -74 = -5*z + k. What is the remainder when z is divided by 9?
6
Suppose s + 511 = 3*c - 108, 5*c - 1027 = -3*s. Calculate the remainder when c is divided by 35.
31
Let y = -1628 + 1739. Calculate the remainder when y is divided by 1 + (1 - 28)*-1.
27
Suppose -20 = 2*l + 28. Let o be (0 + 1)/(8/l). Let d = 15 + o. Calculate the remainder when d is divided by 7.
5
Let k = 1670 + -1650. What is the remainder when 92 is divided by k?
12
Let m be (6 + -1)*(-2)/(-2). Suppose -499 = -3*j - m*h, -2*h + 656 = 4*j - 0*h. What is the remainder when j is divided by 41?
40
Calculate the remainder when 27 + 3 + -6 + 5 is divided by (-5)/5 - -1*11.
9
Suppose 4*x - 3*o = 330, -4*x + 2*o + 338 = 3*o. What is the remainder when x is divided by 22?
18
Let o = -733 - -886. What is the remainder when o is divided by 16?
9
Suppose p - 13 - 12 = 0. Let n be 16/(-4)*1/(-1). Suppose -n*r + 6*r = 14. What is the remainder when p is divided by r?
4
Suppose -108*g + 104*g - 188 = -5*y, -4*y + 4*g = -152. What is the remainder when y is divided by 18?
0
Calculate the remainder when 22*(775/10 - 9) is divided by 29.
28
Let o(y) = y**2 + 4*y - 68. What is the remainder when 723 is divided by o(-12)?
23
Suppose 0 = 13*z - 35*z + 66. What is the remainder when 52 is divided by z?
1
Suppose -3 = -h, -5*l + 3*h + 349 = h. Let z = -41 + l. Suppose 0 = 5*u - 2 - 38. Calculate the remainder when z is divided by u.
6
Suppose 6*h - 38 = 4*h. Let k = 28 - h. Calculate the remainder when 13 is divided by k.
4
Suppose u - 4*w + 2 = 0, -2*w + 25 = 2*u - 11. What is the remainder when 41 is divided by u?
13
What is the remainder when 38 is divided by (3 - (1 + -71) - 7)/2?
5
Let a(r) = r**3 + 5*r**2 - 8*r - 10. Let k(o) = 2*o**3 + 2*o**2 - 2*o - 2. Let q be k(-2). What is the remainder when a(q) is divided by 2?
0
Let w(b) = b**3 - 6*b**2 + 2*b - 10. Let l be w(6). What is the remainder when 27 is divided by 672/70 - l/(-5)?
7
Suppose 5*b - 28 = -s + 27, 3*s - 201 = -3*b. What is the remainder when s is divided by 8?
6
Suppose 5*q - s = 50, 2*s = s - 5. Suppose -2*y - 4 + 10 = 0. Suppose -y = -3*x + 99. Calculate the remainder when x is divided by q.
7
Suppose -3*a - 2*a + 35 = 0. Calculate the remainder when 4/12 + a/(21/104) is divided by 19.
16
Let n(p) = 4*p**2 - 7*p - 13. Let v be n(-7). Suppose -5 = -5*l, -3*y = y + 4*l - v. Calculate the remainder when y is divided by 15.
12
Let c(l) = -l**3 - 65*l**2 - 124*l + 160. What is the remainder when 951 is divided by c(-63)?
33
Suppose 0 = 4*d + 9 - 77. What is the remainder when d is divided by (6/(-9))/((-32)/15 + 2)?
2
Let r(o) = -2*o + 13. Let q be r(6). What is the remainder when (q - (-4)/(-1))*-7 is divided by 86/11 - (-6)/33?
5
Let k = 2 - 9. Let b(q) = -q**3 - 7*q**2 - q - 4. Let f(r) = r**3 + 5*r**2 - 7*r - 3. Calculate the remainder when f(-6) is divided by b(k).
0
Let y(g) = 20*g. Suppose 3*i + 5 = -v, -3*v - 7*i + 2*i - 3 = 0. Suppose -v*m + 17 = 3*h, 3*h - m = 26 + 11. What is the remainder when y(1) is divided by h?
9
Suppose 0 = 62*f - 57*f - 480. Calculate the remainder when f is divided by 32.
0
Calculate the remainder when 1320 is divided by (-6)/(-11 + 485/45).
24
Let o(g) = g**3 + g**2. Let t(m) = 3*m**3 - 8*m**2 - 12*m + 4. Let l(p) = -4*o(p) + t(p). Calculate the remainder when 26 is divided by l(-11).
11
Let l be (-2)/5 - 13/5. Let w = -12 - -18. Calculate the remainder when w is divided by l + 6 + 3/(-3).
0
Let g = 15 + 12. Let l = 16 - 12. Suppose -l*r + 2*b = -b - 312, r + 5*b = 78. Calculate the remainder when r is divided by g.
24
Let c(s) = s**2 + 19*s - 94. What is the rema